 = -5*d. What is the highest common divisor of 5 and d?
5
Suppose -2*f = -2*v - 3*f + 6, 4 = 4*v - 2*f. Suppose 3*x = -z + 119, -2*x + 33 = -v*z + 247. What is the highest common divisor of 10 and z?
10
Let v(w) = -w**3 + 5*w**2 - 3*w - 4. Let r be v(4). Suppose 4*q + 12 = 2*d - r*d, -3*q - 14 = -2*d. What is the greatest common divisor of d and 15?
5
Let l be (12 - 2) + (0 - 0). Suppose 0 = -o + 5*o + 4. Let r(h) = -111*h - 1. Let v be r(o). Calculate the highest common divisor of l and v.
10
Let b be (12/10)/((-5)/(-50)). Let j(g) = g**3 + 10*g**2 - 3*g - 12. Let i be j(-9). What is the highest common factor of b and i?
12
Let r = 9 + 7. Let q = 2 - 0. Suppose q*j + 4*h = 20, j = 4*j - 3*h - 21. What is the highest common divisor of j and r?
8
Let o(d) = -5*d + 7. Let g be o(5). Let t = g + 38. What is the greatest common factor of 140 and t?
20
Suppose 0 = 5*k - 0*k - 1045. What is the greatest common divisor of k and 19?
19
Suppose 5*d + 1 = 2*w, 2*w + 0*d - 4*d = 2. Suppose -w*b + 92 = 2*s + 18, 5*b - s = 132. Calculate the highest common factor of 13 and b.
13
Let g(t) = 2*t. Let w be g(-2). Let d = w + 14. What is the greatest common divisor of 50 and d?
10
Let i(w) = -41*w - 3. Let x be i(-2). Suppose -x = -c + 4*b - 23, -5*b - 196 = -3*c. What is the greatest common factor of c and 48?
24
Let c be (-12)/(-16) - (-26)/8. Let l(u) = -4*u**2 - 4*u - 2. Let r be l(-2). Let n be (c/r)/(2/(-20)). What is the greatest common factor of 12 and n?
4
Let a be (4 - 1)*(-39)/(-9). What is the highest common divisor of 13 and a?
13
Let b = -1 + 2. Suppose b = y - 7. Suppose -38 = -5*s - 2*w, w + 30 = 4*s + 3*w. What is the greatest common divisor of y and s?
8
Suppose 18 = 5*u - 32. Let y = 7 + -3. Suppose y*t + t - 400 = 0. Calculate the greatest common divisor of u and t.
10
Suppose 0 = -5*f - 16 + 56. Suppose f*a - 4*a - x - 36 = 0, 0 = -2*a + x + 20. Let d = a - -5. What is the greatest common factor of 65 and d?
13
Suppose h - 282 = -3*c, 0*c + 4*h = 3*c - 297. Suppose -33 = 5*o + 367. Let w = o - -118. Calculate the greatest common factor of c and w.
19
Let f(d) = d**3 - 8*d**2 + 4*d - 19. Let x be f(8). What is the highest common divisor of x and 104?
13
Let o(h) = 5*h**3 + h**2 + 3*h - 2. Let m be -1 + (5 - (5 + -3)). Let b be (-1)/(m/(-1*4)). Let j be o(b). Calculate the highest common divisor of 32 and j.
16
Let p(b) = 2*b. Let v = -4 + 4. Suppose v = 4*j - 7*j + 18. Let t be p(j). What is the highest common divisor of 3 and t?
3
Let u = 13 - 12. Calculate the greatest common factor of u and 9.
1
Suppose -32 = -m - 3*m. Let t = -25 + 16. Let z be (-790)/t - (-4)/18. Calculate the highest common factor of m and z.
8
Suppose -12 = -4*p, t - 6*t + 61 = -3*p. Let u(q) = 2 - 3 + 13*q + 2. Let g be u(1). What is the greatest common factor of t and g?
14
Suppose -n = 4*m - 23, 2*n - 7*n + m + 10 = 0. Suppose -5*h = -5*q - 150, 0*h + h - 18 = -n*q. What is the highest common factor of 216 and h?
27
Let d = -28 + 54. What is the greatest common divisor of 39 and d?
13
Suppose 0 = -3*k + 2 + 4. Suppose 2*c - 4*d = -k*d + 4, 0 = -3*d + 9. Calculate the highest common divisor of 5 and c.
5
Let f(b) = -b + 19. Let x be f(6). What is the highest common divisor of x and 104?
13
Let k be ((-45)/20)/(6/(-128)). Suppose k = -2*j + 5*j. What is the greatest common divisor of j and 48?
16
Let j = -30 - -34. What is the highest common factor of j and 28?
4
Let j(p) = 153*p**3 - 3*p**2 + p + 2. Let l be j(1). What is the highest common factor of l and 17?
17
Suppose o - 144 = -3*o. Let l be o + -2*9/6. Calculate the greatest common factor of l and 11.
11
Let l(h) = -14*h - 92. Let w be l(-7). Let x be 1/(8/6 + -1). What is the greatest common divisor of w and x?
3
Suppose 5*r - 3*o = 24 + 53, 4*r = -2*o + 44. Suppose 2*t - 27 = 5*n, 8*n = 3*t + 7*n - 73. What is the greatest common factor of r and t?
13
Let p(k) = k**2 - 9*k + 2. Let s be p(9). What is the greatest common factor of 2 and s?
2
Let w = -3 + 4. Let p be (-16 + w)*(2 - 3). Let f(o) = 3*o. Let y be f(1). What is the highest common divisor of y and p?
3
Let v(t) = -36*t - 6. Let i be v(-5). Suppose 5*l + 24 = i. Let s = 147 - 102. What is the highest common factor of s and l?
15
Suppose 75 = 5*c - 2*c. What is the highest common factor of 5 and c?
5
Let w be ((-52)/(-6))/((-12)/(-18)). What is the greatest common factor of 117 and w?
13
Suppose -17 = -3*m + 19. Let t be 192/(-28)*28/(-4). Calculate the highest common divisor of m and t.
12
Let w(f) = 7*f**3 - 2*f**2 - 2*f - 1. Let o be w(-1). Let z = 17 + o. Calculate the highest common divisor of 72 and z.
9
Let i = -242 + 44. Let s = i - -326. What is the highest common factor of s and 16?
16
Let y = 35 + -16. Let o = 92 - 8. Let m = o + 49. What is the greatest common divisor of m and y?
19
Let n be (2 - (3 + -5))/(-2). Let c(u) = u - 3 - 10*u + 2 + 2. Let m be c(n). What is the highest common factor of m and 171?
19
Let d be (6/(-15))/((-2)/130). Calculate the highest common divisor of d and 13.
13
Let o be 3/1 - 6/(-2). Calculate the highest common divisor of 3 and o.
3
Let x be (2 + (-12)/15)*-5. Let j(u) = u**3 + 6*u**2 - 5*u - 4. Let f be j(x). What is the highest common factor of 78 and f?
26
Let l be 9/(-3) + 182 + 1. What is the greatest common divisor of l and 20?
20
Let r = 68 - 43. What is the highest common divisor of 10 and r?
5
Let u be 1/2 + (-164)/(-8). What is the highest common factor of 3 and u?
3
Let j(u) = -u**3 - 2*u**2 - u - 4. Suppose -4*k = -5*k - 9. Let p = 6 + k. Let m be j(p). What is the greatest common factor of 72 and m?
8
Suppose 3*w - 454 - 298 = 4*i, -5*i - 940 = 4*w. Let t = i - -276. Let l be 15/(-25) + t/5. Calculate the greatest common divisor of 85 and l.
17
Suppose 3*y = -3*p - 108, 17 = -3*p + 2*y - 86. Let g be (9/6)/(3/140). Let o = p + g. Calculate the greatest common factor of o and 5.
5
Let x(t) = -t**3 - 6*t**2 - 7*t - 3. Let n be x(-5). Calculate the highest common factor of 35 and n.
7
Suppose -3*w + 24 = 6. Let n = 94 - 52. Calculate the greatest common factor of w and n.
6
Let c = -19 + 33. What is the greatest common factor of c and 56?
14
Suppose -2*f = 3*c - 8, 0*c + 3*c - 9 = -3*f. Let g be ((-12)/16)/(c/(-16)). What is the greatest common divisor of g and 15?
3
Let y = -4 + 13. Calculate the highest common divisor of 1 and y.
1
Let l(n) = n**3 - 7*n**2 - 1. Let v be l(7). Let g(o) = -o**2 - 1. Let s be g(v). Let i be (48/(-20))/(s/75). Calculate the greatest common divisor of 10 and i.
10
Let g be 0/(-4) - (-63)/3. Let a = -2 + 23. What is the greatest common factor of a and g?
21
Let o(y) = -y**2 + y + 3. Let x be o(0). Calculate the greatest common divisor of x and 1.
1
Suppose 14*t - 291 - 17 = 0. Calculate the highest common divisor of t and 2.
2
Let w(u) = u**3 - 6*u**2 - 6*u - 4. Let r be w(7). Suppose 3*a + 5 = -o, 5*o = -5*a - 8 + r. What is the highest common factor of o and 7?
1
Let y be -1 - (-4 - -8) - -100. Calculate the highest common divisor of y and 5.
5
Let q(v) = -2*v - 2*v + 1 - 11*v. Let t(p) = p**3 - 7*p**2 - p + 4. Let y be t(7). Let z be q(y). Calculate the greatest common divisor of 69 and z.
23
Let w(h) = 13*h - 37. Let s be w(4). Let y(j) = 2*j**2 + 2*j + 6. Let g be y(-4). What is the highest common divisor of g and s?
15
Let y(d) = d**2 + d - 15. Let f be y(-7). What is the highest common factor of 243 and f?
27
Let f be (2 + -1)*(2 + -1). Let s be 2*(0 + 2 - f). Suppose -s*d + 2*b = -12, 3*b = d + 4*b - 6. Calculate the highest common factor of 24 and d.
6
Let m(p) = -p**3 + 13*p**2 + p - 8. Let g be m(13). Suppose g*h - 254 = -104. Calculate the greatest common factor of h and 12.
6
Let b = -6 - -39. Let p be (-2)/(-2) + (2 - 0). What is the greatest common divisor of b and p?
3
Suppose 4*a = 108 + 228. Let v be 255/12 - 2/8. Calculate the highest common divisor of v and a.
21
Let m be (16/8)/((-2)/(-9)). Let z be 2/6 + 134/3. What is the greatest common divisor of z and m?
9
Let h be (4/(-10))/(1/(-15)). Let d = -2 + 4. Let u be d/(-6) - (-60)/18. What is the greatest common factor of h and u?
3
Suppose -3*g = -h + 22, 3*h - 47 + 5 = 3*g. Calculate the highest common factor of h and 80.
10
Let i(a) = -a**2 - 11*a + 8. Let w be i(-10). Calculate the greates